{"id":4,"date":"2022-04-29T07:39:39","date_gmt":"2022-04-29T07:39:39","guid":{"rendered":"https:\/\/kgv-kleefeld.de\/?page_id=4"},"modified":"2026-04-03T13:17:51","modified_gmt":"2026-04-03T11:17:51","slug":"herzlich-willkommen","status":"publish","type":"page","link":"https:\/\/kgv-kleefeld.de\/","title":{"rendered":"Willkommen auf der Homepage des Kleing\u00e4rtnervereins Kleefeld e.V in Hannover"},"content":{"rendered":"\n<p><\/p>\n\n\n\n<p><\/p>\n\n\n\n<p class=\"has-vivid-red-color has-text-color has-link-color has-x-large-font-size wp-elements-bfa9a8949111ce94f086d0e9dbbe1ca7\"><mark style=\"background-color:rgba(0, 0, 0, 0)\" class=\"has-inline-color has-black-color\"><strong>AKTUELLES<\/strong><\/mark><\/p>\n\n\n\n<p class=\"has-vivid-red-color has-text-color has-link-color has-x-large-font-size wp-elements-49bdc468e13143ce49c926edf61543b6\"><strong>Einladung zur Mitgliederversammlung des KGV und zur Gesellschafterversammlung der Stromgesellschaft am 24.04.2026<\/strong><\/p>\n\n\n\n<div data-wp-interactive=\"core\/file\" class=\"wp-block-file\"><object data-wp-bind--hidden=\"!state.hasPdfPreview\" hidden class=\"wp-block-file__embed\" data=\"https:\/\/kgv-kleefeld.de\/wp-content\/uploads\/2026\/04\/Einladung-_24_04_2026.pdf\" type=\"application\/pdf\" style=\"width:100%;height:600px\" aria-label=\"Einbettung von Einladung _24_04_2026.\"><\/object><a id=\"wp-block-file--media-3ebbf8c0-19fd-4088-a5a0-ea28fac24ac9\" href=\"https:\/\/kgv-kleefeld.de\/wp-content\/uploads\/2026\/04\/Einladung-_24_04_2026.pdf\">Einladung _24_04_2026<\/a><a href=\"https:\/\/kgv-kleefeld.de\/wp-content\/uploads\/2026\/04\/Einladung-_24_04_2026.pdf\" class=\"wp-block-file__button wp-element-button\" download aria-describedby=\"wp-block-file--media-3ebbf8c0-19fd-4088-a5a0-ea28fac24ac9\">Herunterladen<\/a><\/div>\n\n\n\n<p><\/p>\n\n\n\n<p class=\"has-medium-font-size\">.<\/p>\n\n\n\n<p><\/p>\n\n\n\n<p class=\"has-medium-font-size\"><strong>Die n\u00e4chste Sprechstunden:<\/strong>  08.04.2026; 13.05.2026; 10.06.2026; 08.07.2026<\/p>\n\n\n\n<p>. <\/p>\n\n\n\n<blockquote class=\"wp-block-quote is-layout-flow wp-block-quote-is-layout-flow\">\n<p class=\"has-medium-font-size\"><strong>Bewerberstopp!<\/strong><\/p>\n\n\n\n<p>Der Vorstand hat entschieden, bis auf Weiteres keine Bewerbungen auf einen Kleingarten anzunehmen. Die Nachfrage nach G\u00e4rten \u00fcbersteigt das Angebot an freien G\u00e4rten deutlich. <\/p>\n<\/blockquote>\n\n\n\n<p><\/p>\n\n\n\n<blockquote class=\"wp-block-quote is-layout-flow wp-block-quote-is-layout-flow\">\n<p><\/p>\n\n\n\n<p><\/p>\n\n\n\n<p><\/p>\n\n\n\n<p class=\"has-medium-font-size\">Der Vorstand ist au\u00dferhalb der Sprechstunden per Mail unter info[at]kgv-kleefeld.de und telefonisch unter Tel.: 0511\/ 55 22 57 (Anrufbeantworter) erreichbar.<\/p>\n<\/blockquote>\n\n\n\n<p>.<\/p>\n\n\n\n<blockquote class=\"wp-block-quote has-medium-font-size is-layout-flow wp-block-quote-is-layout-flow\">\n<p><strong>Die n\u00e4chsten Termine f\u00fcr Gemeinschaftsarbeit:<\/strong><\/p>\n\n\n\n<p>Die Gemeinschaftsdienste f\u00fcr das Gesch\u00e4ftsjahr 01.01.2026 bis 30.09.2026 sind an<\/p>\n\n\n\n<p>folgenden Terminen ausgeschrieben:<\/p>\n\n\n\n<p>(sofern nicht anders angegeben, jeweils am 4. Samstag \/ Monat von 9 bis 13 Uhr)<\/p>\n\n\n\n<p><\/p>\n\n\n\n<figure class=\"wp-block-table\"><table><tbody><tr><td>Sa., 24.01.2026<\/td><td>Gemeinschaftsarbeit, <strong>Geh\u00f6lzschnitt<\/strong><\/td><\/tr><tr><td>&nbsp;Sa., 28.02.2026<\/td><td>Gemeinschaftsarbeit, <strong>Geh\u00f6lzschnitt<\/strong><\/td><\/tr><tr><td>&nbsp;Sa., 28.03.2026<\/td><td>Gemeinschaftsarbeit<\/td><\/tr><tr><td>&nbsp;Sa., 04.04.2026<\/td><td>&nbsp;Osterfeuer <\/td><\/tr><tr><td>Sa., 23.05.2026<\/td><td>&nbsp;Gemeinschaftsarbeit<\/td><\/tr><tr><td>&nbsp;Sa., 26.06.2026<\/td><td>&nbsp;Gemeinschaftsarbeit<\/td><\/tr><tr><td>&nbsp;Sa., 25.07.2026<\/td><td>&nbsp;Gemeinschaftsarbeit<\/td><\/tr><tr><td>&nbsp;Sa., 22.08.2026<\/td><td>&nbsp;Gemeinschaftsarbeit<\/td><\/tr><tr><td>&nbsp;Sa., 26.09.2026<\/td><td>Gemeinschaftsarbeit <strong>\u2013 letzter (!) Termin f\u00fcr das Gesch\u00e4ftsjahr 2025 \/ 2026 <\/strong><br><strong>(01.10.2025 \u2013 30.09.2026)<\/strong><\/td><\/tr><tr><td>&nbsp;Sa., 24.10.2026<\/td><td>Gemeinschaftsarbeit \u2013 erste GMA f\u00fcr das Gesch\u00e4ftsjahr 2026 \/ 2027 (01.10.2026 bis 30.09.2027)<\/td><\/tr><tr><td>&nbsp;Sa., 28.11.2026<\/td><td>Gemeinschaftsarbeit &#8211; <strong>Geh\u00f6lzschnitt<\/strong><\/td><\/tr><\/tbody><\/table><\/figure>\n\n\n\n<p>Treffpunkte der P\u00e4chter*innen sind:<\/p>\n\n\n\n<p>*&nbsp;&nbsp; Kolonien <em>Am Weidegraben, J\u00e4gerlust<\/em> und <em>Waldesruh<\/em> am jeweiligen Kolonieheim<\/p>\n\n\n\n<p>*&nbsp;&nbsp; Kolonien <em>Alte Treue<\/em> und <em>Waldfreude<\/em> am Vereinsheim<\/p>\n\n\n\n<p><strong>Ab M\u00e4rz 2023 ist die Gemeinschaftsarbeit in der Kolonie zu leisten, zu der der gepachtete Garten geh\u00f6rt. Die Gemeinschaftsarbeit darf nur in einer anderen Kolonie geleistet werden, wenn die beiden beteiligten Obleute zustimmen.&nbsp;&nbsp;&nbsp;&nbsp; <\/strong><\/p>\n\n\n\n<p><\/p>\n\n\n\n<p>Bitte auch die Aush\u00e4nge in den Kolonien beachten<\/p>\n\n\n\n<p>(\u00c4nderungen vorbehalten)<\/p>\n\n\n\n<p>.<\/p>\n\n\n\n<p>Der Vorstand ist per Mail unter info[at]kgv-kleefeld.de und am 2. Mittwoch im Monat von 18 bis 20 Uhr in der Sprechstunde im Vereinshaus erreichbar.<\/p>\n\n\n\n<p>Bei Anrufen unter Tel.: 0511\/ 55 22 57 hinterlassen Sie bitte eine Nachricht auf dem Anrufbeantworter.<\/p>\n\n\n\n<p><\/p>\n<\/blockquote>\n","protected":false},"excerpt":{"rendered":"<p>AKTUELLES Einladung zur Mitgliederversammlung des KGV und zur Gesellschafterversammlung der Stromgesellschaft am 24.04.2026 . Die n\u00e4chste Sprechstunden: 08.04.2026; 13.05.2026; 10.06.2026; 08.07.2026 . Bewerberstopp! Der Vorstand hat entschieden, bis auf Weiteres keine Bewerbungen auf einen Kleingarten anzunehmen. Die Nachfrage nach G\u00e4rten \u00fcbersteigt das Angebot an freien&nbsp;<a class=\"read-more\" href=\"https:\/\/kgv-kleefeld.de\/\">&hellip;<\/a><\/p>\n","protected":false},"author":1,"featured_media":0,"parent":0,"menu_order":0,"comment_status":"closed","ping_status":"closed","template":"","meta":{"footnotes":""},"class_list":["post-4","page","type-page","status-publish","hentry"],"_links":{"self":[{"href":"https:\/\/kgv-kleefeld.de\/index.php?rest_route=\/wp\/v2\/pages\/4","targetHints":{"allow":["GET"]}}],"collection":[{"href":"https:\/\/kgv-kleefeld.de\/index.php?rest_route=\/wp\/v2\/pages"}],"about":[{"href":"https:\/\/kgv-kleefeld.de\/index.php?rest_route=\/wp\/v2\/types\/page"}],"author":[{"embeddable":true,"href":"https:\/\/kgv-kleefeld.de\/index.php?rest_route=\/wp\/v2\/users\/1"}],"replies":[{"embeddable":true,"href":"https:\/\/kgv-kleefeld.de\/index.php?rest_route=%2Fwp%2Fv2%2Fcomments&post=4"}],"version-history":[{"count":84,"href":"https:\/\/kgv-kleefeld.de\/index.php?rest_route=\/wp\/v2\/pages\/4\/revisions"}],"predecessor-version":[{"id":465,"href":"https:\/\/kgv-kleefeld.de\/index.php?rest_route=\/wp\/v2\/pages\/4\/revisions\/465"}],"wp:attachment":[{"href":"https:\/\/kgv-kleefeld.de\/index.php?rest_route=%2Fwp%2Fv2%2Fmedia&parent=4"}],"curies":[{"name":"wp","href":"https:\/\/api.w.org\/{rel}","templated":true}]}}